/(-5) + 3 + -1. Let j = b - -337. What is the units digit of j?
7
Suppose 0 = -z - 4*f - 19, 26 = z + 3*f - 8*f. Let h be (z + 2 + -3)/(-2). Suppose 0*m = -4*m, p + 4*m - 4 = h. What is the units digit of p?
4
Let l = -1028 + 525. Let m = 768 + l. What is the tens digit of m?
6
What is the tens digit of (-2 + 8/2)*(23 - -5)?
5
Let s be (3/(-2) - -2)*8. Let p(z) = 6*z**2 - 14*z + 23. Let q(c) = -2*c**2 + 5*c - 8. Let b(y) = 4*p(y) + 11*q(y). What is the tens digit of b(s)?
3
Let j = -24 - -22. What is the units digit of (-237)/(-12) + (-2)/16*j?
0
Suppose -204 = -2*f - 18. What is the tens digit of f?
9
What is the thousands digit of (0 - (-80)/15)/1*402?
2
Let t = 53 + -35. Let f(p) = -p**2 + p + 16. Let h be f(0). Let m = h + t. What is the tens digit of m?
3
Let k = -175 - -247. Let v = -114 + k. What is the units digit of 12/v + 58/7?
8
Suppose 3627 = 13*v - 1495. What is the hundreds digit of v?
3
Let h = 1405 + -618. What is the tens digit of h?
8
Let m = -3 - -5. Suppose 0 = -2*x + 2 + m. Suppose 0 = -4*s + 20, 0 = x*u - 6*s + 3*s - 41. What is the units digit of u?
8
Suppose -3 = -5*c + 7. Suppose -49 = r - c*r. Suppose 191 = 5*k - r. What is the units digit of k?
8
Let i be 121 + 2*2 + (-60)/15. Suppose 0*r = -r + i. What is the tens digit of r?
2
Suppose -12 = 4*p - 4*n, -5*n + 2*n = 9. Let v(z) = 7*z + 16. Let b(a) = a. Let f(y) = p*b(y) - v(y). What is the tens digit of f(-6)?
6
Let f(a) = a**2 - 13*a - 12. Let n(z) be the second derivative of -z**3/6 + 29*z**2/2 - 6*z. Let r be n(14). What is the units digit of f(r)?
8
Suppose -8*x = -3723 + 291. What is the units digit of x?
9
What is the hundreds digit of ((-344)/(-24))/(2/48)?
3
Suppose -p = -h + 647, -3*h + h = -p - 1291. What is the tens digit of h?
4
Let t be (-1 + 2 - -14)/(15/10). Suppose 14*o - t*o - 180 = 0. What is the units digit of o?
5
Suppose -14*a - 5*d + 4665 = -9*a, 3*d + 4657 = 5*a. What is the tens digit of a?
3
Let o(c) = 143*c + 13. Let x be o(8). Suppose x = 6*z + 389. What is the tens digit of z?
2
Let x = 354 - -3414. What is the tens digit of x?
6
Suppose -2*v + 2*i + 198 = 0, -5*v + 2*i + 170 = -334. What is the hundreds digit of v?
1
What is the hundreds digit of (11/(-22))/((-1)/1182)?
5
Let g = 21 - 19. Suppose -1 = -g*y + 7. Suppose -151 = -5*x + 3*q - y*q, 3*q + 12 = 0. What is the tens digit of x?
3
Suppose -16 = -2*w + 2*x, w - 5*w + 60 = 3*x. Suppose 0*g + w = 4*g. What is the units digit of g?
3
Let g(m) = -38*m - 2. Let y be g(-2). Suppose -2*k = -3*k + y. What is the tens digit of k?
7
Suppose 66835 = 33*a - 46553. What is the units digit of a?
6
Let m(z) = z**2 - 13*z + 11. Let x be m(12). Let y(v) = -61*v**3 + 2*v + 2. What is the units digit of y(x)?
1
Let l(r) = r**3 - 4*r**2 - r + 3. Let s be l(9). What is the tens digit of 26/3*s/38?
9
Suppose 244*j - 221*j = 44781. What is the tens digit of j?
4
Let v = 97 - 90. Suppose 2*i + 760 = v*i. What is the tens digit of i?
5
Suppose x = 2*y - 8, 0*y + 2*x + 10 = y. Suppose -3*w + y*d - 6 = 6, 5*w = -3*d - 1. Let h = w + 35. What is the tens digit of h?
3
Suppose -341 = -3*w + 535. What is the tens digit of w?
9
Let l be 6/36 + -151*(-2)/(-12). Let h(i) = i**2 + 17*i + 7. What is the tens digit of h(l)?
0
Suppose 0 = -4*n - 3*h + 1512, -h = 2*n + 35 - 791. Suppose 78 + n = 4*x + 5*s, -2*x + 2*s + 210 = 0. What is the units digit of x?
9
Suppose 7*y - 977 = -2*j + 6*y, 4*y = -5*j + 2444. What is the hundreds digit of j?
4
Let m = 3762 + -1822. What is the hundreds digit of m?
9
Let f(j) = j**3 - 6*j**2 + 3*j - 9. Let h be f(9). Suppose -4*o + 5*l + h = 0, 0 = -2*l + 7 - 1. What is the tens digit of o?
6
Suppose 5 = -6*p + 101. Suppose 0*y = -2*y - 58. Let d = p - y. What is the tens digit of d?
4
Suppose 5*f - 11355 = -5*s, -9*s = -14*s - 4*f + 11350. What is the units digit of s?
6
Let d(r) = 6*r - 9. Let c be d(7). Let i be c/1 - 0 - -3. What is the tens digit of 4/((-32)/(-6))*i?
2
Suppose 2*m - 19 = 61. Suppose 3 + 2 = x, -5*h - 5*x + m = 0. Suppose 0 = o - 2*b - 4, -o + 0*b = -b - h. What is the units digit of o?
2
Suppose -5*r = 5*d + 90, 3*r = -2*d - 62 + 8. Let v = 21 + r. Suppose -25 = v*l - 4*l. What is the units digit of l?
5
Suppose 3*h = -0*h + 51. Let s = -15 + h. Suppose -o + 75 = -c + 13, -s*o + 104 = 3*c. What is the tens digit of o?
5
Suppose -5116 = -6411*v + 6409*v. What is the hundreds digit of v?
5
Let f(r) = -r**3 + 4*r - 1. Let x be f(-3). Suppose 2*o + x = 2*b, b - 2*o + 0 = 9. What is the units digit of b?
5
Suppose -85*x + 86*x - 1709 = 0. What is the hundreds digit of x?
7
Let l = 3194 + -1564. What is the tens digit of l?
3
Suppose 3*u - 12 = -0*u. Suppose 2*p = u*p - 302. What is the hundreds digit of p?
1
Let u = -1037 + 2440. What is the hundreds digit of u?
4
Let z = 5852 - 4113. What is the thousands digit of z?
1
Let g(q) = -q + 6. Let j be g(5). Suppose -23 = -3*f + j. Let a = f - -8. What is the units digit of a?
6
Let b be 7/5 + (-27)/(-45). What is the units digit of b/(125/40 - 3)?
6
Let c(y) = 13*y + 585. What is the tens digit of c(-14)?
0
Suppose -52*a + 3414 = -46*a. What is the hundreds digit of a?
5
Suppose 0 = 3*u - 8*u + 240. Suppose 5*k = 4*m + 263, 5*m + u = -3*k - 290. What is the units digit of (m + -1)*3/(-12)?
7
Suppose -3*m = -3*a + 2*m + 63, -4*a + 4*m = -76. Suppose -8*j = -9*j + a. Let f(c) = c**2 - 17*c + 20. What is the units digit of f(j)?
4
Let t(u) = u**3 + 21*u**2 - 21*u + 22. Let i be t(-22). Suppose 6*s + 110 = 3*j + 2*s, i = 4*j + 2*s - 110. What is the units digit of j?
0
Let b = -277 + 2062. What is the tens digit of b?
8
Let j = -31 + 32. Suppose 84 = m - j. What is the units digit of m?
5
Suppose -3*c - 4*x + 6 = 0, -4*c + 0*c + 3*x = -8. Suppose c = l - 0, 5*o - 3*l - 19 = 0. What is the units digit of o?
5
Suppose 12584 = 3*s + 4*y, 27*s - 31*s - 2*y = -16772. What is the units digit of s?
2
Suppose 0*g - 2*g = -470. Suppose 35 - 275 = -5*b - i, -5*b + g = 2*i. What is the tens digit of b?
4
Let f = 1074 - -362. What is the units digit of f?
6
Let t(o) = -3*o - 18. Let u be t(-6). Suppose u = -3*x + 5*a + 356, 4*x - 5*x + 112 = 5*a. What is the units digit of x?
7
Suppose 5*l - 3*o - 15934 = 0, 0 = 10*l - 8*l + 4*o - 6358. What is the units digit of l?
5
Let j(s) = -80*s**3 + 54*s + 225. What is the hundreds digit of j(-4)?
1
Suppose -93547 = -61*g + 108119. What is the tens digit of g?
0
Suppose -d + 3 - 1 = 0. Suppose 0 = 2*b + 4*m + 18, 3*b - 4*b + d*m + 3 = 0. What is the units digit of -2*(45/6)/b?
5
Let c = 22 + -11. Let m(h) = h - 15 + 10 + h**2 + c. What is the tens digit of m(5)?
3
Let k(z) = -z**3 + 17*z**2 + 9*z - 12. Let o be k(17). What is the units digit of o/2 + (-10)/(-20)?
1
Let u(m) = -2*m + 11. Let n be u(5). Let o be (-2)/((-1)/(3/n)). Let l(z) = 4*z - 5. What is the units digit of l(o)?
9
Suppose 5*p = 4 - 34. Suppose -t - 14 = -o, 2*t + 5 - 13 = 0. What is the units digit of 71/3 - p/o?
4
Let p be ((-12)/18)/((-6)/9). What is the tens digit of ((-2 - p) + 32)*1?
2
Let b = 7 - 5. Let m be -2 - -21 - 3 - 2. Suppose m = b*p - 0*p. What is the units digit of p?
7
Let w(r) = -r**3 - 9*r**2 - 12*r - 8. Suppose -3*q + 2*o + 76 = 0, -5*q + 80 + 36 = 2*o. Suppose q = -j - 2*j. What is the tens digit of w(j)?
2
Let k be 40/(-6)*117/26. Let o = 93 + k. What is the tens digit of o?
6
Suppose -5*p - 382 = -3*y, -180 = 3*y - 4*p - 566. Suppose 0 = r + 8 - y. What is the tens digit of r?
2
Suppose 17*o - 636 = 5*o. What is the tens digit of o?
5
Let u(q) = -q**3 - 4*q**2 + q + 136. What is the tens digit of u(-9)?
3
Suppose 269 = -0*r - r - u, -u - 1349 = 5*r. Let y = r + 382. What is the units digit of y?
2
Let l be (-922)/18 + 14/63. Let w = l - -114. What is the units digit of w?
3
Let a = -30 + 36. Suppose a*h = -2*h + 184. What is the units digit of h?
3
Let i be (-4)/(8/463)*-2. Suppose -l + i = 3*g, -3*l = -3*g + 57 + 426. Let z = g - 82. What is the tens digit of z?
7
Suppose -270 - 666 = -26*y. Let l = 6 + -2. Suppose -4*o - 16 = 0, -2*z - o = -l*o - y. What is the units digit of z?
2
What is the units digit of (-1 + 2)*2 + 696?
8
Suppose 5*i = 4*b - 5, -37 = -5*b - 12. Suppose 12 = -i*f, -3*f - 2*f = 4*n - 48. What is the tens digit of n?
1
Suppose -118 = 2*i + 70. Let q = i + 232. What is the tens digit